tors of y(i)?
131
Let i(q) = -q**2 + 24*q - 50. Let u be i(18). Suppose -4*h - 2*s = -2222, 2*h - u*s = -60*s + 1106. What are the prime factors of h?
2, 3, 31
Let r(d) = 6*d**2 - 14*d - 24. Let f(u) = -11*u**2 + 27*u + 47. Let p(b) = 4*f(b) + 7*r(b). Let t be p(-14). Let x = -265 - t. List the prime factors of x.
13, 19
Let l(u) = -8797*u - 63. What are the prime factors of l(-2)?
47, 373
Let w(k) = -k + 19. Let l be w(4). Let t = l + 215. List the prime factors of ((-24)/6)/4*(1 - t).
229
Suppose 4043*d + 50872 = 4047*d. What are the prime factors of d?
2, 6359
Suppose 0 = -4*v + 3*i + 115, i - 139 = -5*v - 0*i. Let f be v/10 - 2/(-10). Suppose 3*s - 330 = -f*m, 4*m - 4 = -16. List the prime factors of s.
113
Suppose 2*v + 26 = 5*v - 2*k, -k = -5. Let y be -3 - (-1 + (9 - 3)). Let h = v + y. What are the prime factors of h?
2
Let z be (-12)/24*0/(-3). Suppose z = -9*x + 396 + 486. List the prime factors of x.
2, 7
Suppose 5*o = c + 13409, -29*c = 3*o - 28*c - 8047. List the prime factors of o.
2, 3, 149
What are the prime factors of -6*(-2 - (-15)/9)*(8775 + -13)?
2, 13, 337
Let w(s) = -5*s**2 + 36*s + 12. Let y be w(7). Suppose -53340 = -23*f - y*f. List the prime factors of f.
2, 5, 127
Let k(d) = -27*d**2 + 14*d + 2. Let b = 87 + -82. Let w(v) = -26*v**2 + 16*v + 2. Let a(c) = b*w(c) - 6*k(c). What are the prime factors of a(-1)?
2, 17
Suppose -18 = -47*d + 50*d. Let g(f) = -2*f - 21. Let t be g(d). Let u(l) = 2*l**2 - l - 4. What are the prime factors of u(t)?
167
Let z(s) = -15*s - 69. Let g be z(-13). Suppose 5*o + g = 576. List the prime factors of o.
2, 3, 5
Suppose -9*f + 14850 = 18*f. Let x = -115 + f. List the prime factors of x.
3, 5, 29
Suppose -5*y - 261 = 4*p, -2*y + 7*y = 3*p - 268. Let i(r) = r**2 + 13*r - 25. Let v be i(7). Let f = v + y. List the prime factors of f.
2, 31
Suppose -7*x - 32 = -3*x, -5*w = 2*x - 41079. List the prime factors of w.
8219
Let o = -10559 - -22903. List the prime factors of o.
2, 1543
Let u(c) = 12*c + 5. Let h be u(5). Let q = h + 4. Suppose 0 = -29*g + 26*g + q. List the prime factors of g.
23
Suppose 10*b - 15 = 15. Let o be 15/2*((-1)/b + 1). List the prime factors of (-3)/o + (-939)/(-15).
2, 31
Suppose -13944*m + 13961*m - 380783 = 0. What are the prime factors of m?
13, 1723
Let f be 6 + 0 + 4 + -8. Suppose f*h = -8*h + 3880. What are the prime factors of h?
2, 97
Let c = 32 - 28. Suppose -5*o + 296 + c = 0. Suppose -2*r - 4*r = -o. What are the prime factors of r?
2, 5
Suppose -699*p = -713*p + 1174152. List the prime factors of p.
2, 3, 29, 241
Let w(t) = t**2 + 93*t + 1129. What are the prime factors of w(-112)?
3257
Let w(y) = 111*y**2 - 21*y + 20. What are the prime factors of w(-2)?
2, 11, 23
Suppose 5*n + 60 + 20 = 5*z, -3*n - 73 = 2*z. Let b be 794/(-14) + 6/n. Let o = b - -60. List the prime factors of o.
3
Suppose 0 = -95*r + 93*r + 2, 5*b - 15180 = -5*r. What are the prime factors of b?
5, 607
What are the prime factors of 406620/(-150)*(-25)/10?
3, 251
Let s(o) = -5*o**2 - 11*o + 24. Let z(p) = 6*p**2 + 10*p - 24. Let q(b) = -7*s(b) - 6*z(b). Let u be q(7). Let i = u - -98. What are the prime factors of i?
2, 3
Let v(t) = -225*t - 968. List the prime factors of v(-32).
2, 19, 41
Let y = 10 - 333. Let m = 872 + y. List the prime factors of m.
3, 61
Let g(b) = -b**3 + 36*b**2 - 36*b + 99. Let n(o) = -o**2 - 1. Let a(w) = g(w) + 3*n(w). List the prime factors of a(30).
2, 3, 11, 13
Suppose 3*m + 56 = -y, 4*y = -m - 323 + 132. Let d = -43 - y. List the prime factors of 166/2 + 0/(d - 2).
83
Let y(t) = -9 - 26*t**3 - 8*t**2 + 27*t**3 - 2*t - 2*t**3. What are the prime factors of y(-10)?
211
Let u(y) = -313*y - 103. Let p be u(20). What are the prime factors of p/(-14) + 15/(-6)?
2, 113
Let q(s) = 8*s + 133. Suppose 6*b - 124 - 44 = 0. What are the prime factors of q(b)?
3, 7, 17
Let h be 2*2/(4/(-7)). Let p be (-1142)/h - 25/175. Suppose -111 - p = -2*l. What are the prime factors of l?
137
Suppose -3*h - 3*q + 42 = 0, -13 = -4*h + 3*q + 15. Suppose 15*n - h*n = 2565. List the prime factors of n.
3, 19
Suppose -15*b - 575582 + 159585 = -62*b. List the prime factors of b.
53, 167
Let v be (-4)/(-12) + 0 - 11/33. Suppose v = -2*k + 461 + 709. What are the prime factors of k?
3, 5, 13
Suppose 8*g + 70 = 3*g. Suppose -7*r - 68 + 180 = 0. List the prime factors of (-780)/g - r/(-56).
2, 7
Let c = -48081 + 67953. What are the prime factors of c?
2, 3, 23
Let i(h) = h**2 - h + 1. Let j(x) be the third derivative of -x**6/120 + x**5/4 - x**3/2 + 21*x**2. Let u(a) = -3*i(a) + j(a). List the prime factors of u(11).
2, 37
Let v be 279 - (-15)/10*-2 - -1. What are the prime factors of (v/(-2))/((-38)/76)?
277
Let t(l) be the first derivative of l**5/12 + l**4/3 + l**3/3 - l**2 + 5. Let g(j) be the second derivative of t(j). What are the prime factors of g(-2)?
2, 3
Suppose 137*o - 103*o - 235280 = 0. What are the prime factors of o?
2, 5, 173
Suppose 3*l - 572 = 2017. Suppose 5*x + 2*f - l = 2*x, 4*f + 20 = 0. What are the prime factors of x?
3, 97
Let b(x) be the third derivative of x**5/6 + 31*x**4/6 - 2*x**3 + x**2 + 28*x. What are the prime factors of b(-18)?
2, 3, 83
Let o = 5791 - -170. List the prime factors of o.
3, 1987
Let w(c) = 7*c**2 + 121*c - 947. List the prime factors of w(-60).
16993
Let u = -22021 - -23546. What are the prime factors of u?
5, 61
Let n = -1490 + 11481. What are the prime factors of n?
97, 103
Let o(g) = -g**3 - 60*g**2 - 16*g - 160. What are the prime factors of o(-60)?
2, 5
Let f = -385 - -393. Let w(v) = 4*v + 7. List the prime factors of w(f).
3, 13
Let l(x) = -85*x - 1. Let i be 9/(-6)*4/(-3). Suppose 0 = 3*j - 3*b, -j - 4*b = -3*j + i. List the prime factors of l(j).
2, 3, 7
Let v = 7206 + 52066. List the prime factors of v.
2, 31, 239
Let y = -12148 - -47666. What are the prime factors of y?
2, 7, 43, 59
Suppose -3*i - 20 = -5*h, -4*h + 15 + 1 = 3*i. Let f be -4 - (i - (0 + 4)). Suppose 6*y - 523 - 143 = f. What are the prime factors of y?
3, 37
Let t(a) = -127*a**2 - 11404*a - 102. List the prime factors of t(-84).
2, 3, 127
Suppose w + 67 = 125. Let t be w - ((-12)/(-3) - 3). Suppose 5*a = 283 + t. List the prime factors of a.
2, 17
Suppose -3*y + 4016 = -5737 + 354. What are the prime factors of y?
13, 241
Suppose 585882 = 89*v + 10*v. List the prime factors of v.
2, 11, 269
Let o(i) = -20*i - 4. Suppose 4*c = 10 + 38. Let x be o(c). Let s = -164 - x. List the prime factors of s.
2, 5
Let d be (-2)/6*2*33. Let c(h) = -9*h**2 - h - 1. Let b(j) = 17*j**2 - 24*j + 1. Let g(u) = b(u) + 2*c(u). List the prime factors of g(d).
3, 29
Let i = 324 - -2553. What are the prime factors of i?
3, 7, 137
Let j = -32 + 40. Suppose -j = -0*f - 4*f. Suppose -f*w = -5*w + 123. List the prime factors of w.
41
Suppose -327111 = -129*h + 1265007. List the prime factors of h.
2, 3, 11, 17
Let m = -33 - -39. Suppose u = -u + m. Suppose 12*q - 396 = u*q. What are the prime factors of q?
2, 11
Let n(w) = -w + 9. Let p be n(5). Suppose x = 2*x + 2*u - 152, 3*x - 3*u = 474. Suppose x = p*o - 24. List the prime factors of o.
3, 5
Let r(a) be the second derivative of -a**5/20 + 5*a**4/6 - 4*a**3/3 + 4*a**2 - 72*a. List the prime factors of r(9).
17
List the prime factors of 5/2 + 732810/260.
7, 13, 31
Let l be (-33)/(-18) + (-4)/(-24). Let r = 4 - l. Suppose z - 251 = -4*h, -r*h + 7*h - z - 325 = 0. List the prime factors of h.
2
Let q = -95 - -100. Suppose -38 = -q*j + 167. Let p = j + 59. List the prime factors of p.
2, 5
Suppose -39495 = -5*y + 5*g, y - 3384 = -4*g + 4545. What are the prime factors of y?
3, 5, 17, 31
Let x = -228 + 228. Suppose v - 3*c - 90 = x, 0 = 4*v - 7*v - c + 310. What are the prime factors of v?
2, 3, 17
Let a = 17282 + -10377. List the prime factors of a.
5, 1381
Let a(d) be the second derivative of -d**5/20 - 19*d**4/12 + d**3/6 + 29*d**2/2 + 55*d. List the prime factors of a(-20).
409
Suppose -5*r - 2616 = 534. Let s = r - -440. Let x = s - -270. What are the prime factors of x?
2, 5
Suppose 350*h - 24752 = 78*h. List the prime factors of h.
7, 13
Let p(u) = -u**3 - u**2 - 21*u - 5. Let v be p(5). What are the prime factors of (-26)/((-12)/(-30) + 114/v)?
2, 13
Let n(j) = -27 + 89*j**3 - 15 - 2*j**2 + 24*j + 77*j**3 + 17*j**3. What are the prime 